{"id":8,"date":"2020-05-25T15:01:47","date_gmt":"2020-05-25T15:01:47","guid":{"rendered":"http:\/\/wpms.teamlabs.es\/?page_id=8"},"modified":"2023-01-16T12:40:54","modified_gmt":"2023-01-16T12:40:54","slug":"portada-2","status":"publish","type":"page","link":"https:\/\/nuevosroles.teamlabs.es\/","title":{"rendered":"portada"},"content":{"rendered":"<p>[et_pb_section fb_built=&#8221;1&#8243; disabled_on=&#8221;off|off|off&#8221; _builder_version=&#8221;4.4.7&#8243; custom_margin=&#8221;||0px||false|false&#8221; custom_padding=&#8221;||0px||false|false&#8221;][et_pb_row column_structure=&#8221;1_2,1_2&#8243; _builder_version=&#8221;4.4.7&#8243;][et_pb_column type=&#8221;1_2&#8243; _builder_version=&#8221;4.4.7&#8243;][et_pb_image src=&#8221;https:\/\/nuevosroles.teamlabs.es\/wp-content\/uploads\/2020\/05\/portada-web.jpg&#8221; title_text=&#8221;portada-web&#8221; _builder_version=&#8221;4.4.7&#8243;][\/et_pb_image][\/et_pb_column][et_pb_column type=&#8221;1_2&#8243; _builder_version=&#8221;4.4.7&#8243;][et_pb_text _builder_version=&#8221;4.4.7&#8243; text_font_size=&#8221;18px&#8221; text_line_height=&#8221;1.8em&#8221; header_line_height=&#8221;1.2em&#8221;]<\/p>\n<h1>\u00bfQuieres adquirir las herramientas para liderar los cambios que se est\u00e1n demandando en los centros educativos?<\/h1>\n<p>[\/et_pb_text][et_pb_text _builder_version=&#8221;4.4.7&#8243; text_font_size=&#8221;18px&#8221;]<\/p>\n<p>Rellena el formulario para descargarte el dossier de nuestro programa.<\/p>\n<p>[\/et_pb_text][et_pb_code _builder_version=&#8221;4.4.7&#8243;]<\/p>\n<div data-tf-widget=\"kHturxkC\" data-tf-iframe-props=\"title=Formulario Nuevos Roles en la Educaci\u00f3n\" data-tf-medium=\"snippet\" data-tf-hidden=\"utm_source=xxxxx,utm_medium=xxxxx,utm_campaign=xxxxx\" style=\"width:100%;height:400px;\"><\/div>\n<p><script src=\"\/\/embed.typeform.com\/next\/embed.js\"><\/script>[\/et_pb_code][\/et_pb_column][\/et_pb_row][et_pb_row _builder_version=&#8221;4.4.7&#8243;][et_pb_column type=&#8221;4_4&#8243; _builder_version=&#8221;4.4.7&#8243;][et_pb_text _builder_version=&#8221;4.4.7&#8243; text_font_size=&#8221;18px&#8221; text_line_height=&#8221;1.8em&#8221; header_line_height=&#8221;1.2em&#8221;]<\/p>\n<p>El <strong>Diploma de Especializaci\u00f3n en Nuevos Roles para el Aprendizaje en Educaci\u00f3n<\/strong> es un programa de 30 ECTS dise\u00f1ado para ayudar tanto a equipos de direcci\u00f3n como al propio profesorado de centros educativos a liderar y abordar los procesos de cambio en la organizaci\u00f3n y las estrategias docentes que la sociedad est\u00e1 demandando.<\/p>\n<p>[\/et_pb_text][et_pb_text _builder_version=&#8221;4.4.7&#8243; text_font_size=&#8221;18px&#8221;]<\/p>\n<p><span>El programa se realiza en la modalidad de <strong>colaboraci\u00f3n con organizaciones<\/strong> y en ese caso el grupo m\u00ednimo es de 15 personas y m\u00e1ximo 25.\u00a0Programa\u00a0<b>bonificable a trav\u00e9s de FUNDAE<\/b>.<\/span><\/p>\n<p>[\/et_pb_text][\/et_pb_column][\/et_pb_row][et_pb_row _builder_version=&#8221;4.4.7&#8243; custom_margin=&#8221;||0px||false|false&#8221; custom_padding=&#8221;||0px||false|false&#8221;][et_pb_column type=&#8221;4_4&#8243; _builder_version=&#8221;4.4.7&#8243;][et_pb_text _builder_version=&#8221;4.4.7&#8243; text_font_size=&#8221;18px&#8221; header_font_size=&#8221;53px&#8221;]<\/p>\n<h1 style=\"text-align: center;\">FAQS<\/h1>\n<p>[\/et_pb_text][\/et_pb_column][\/et_pb_row][et_pb_row column_structure=&#8221;1_3,1_3,1_3&#8243; _builder_version=&#8221;4.4.7&#8243;][et_pb_column type=&#8221;1_3&#8243; _builder_version=&#8221;4.4.7&#8243;][et_pb_text _builder_version=&#8221;4.4.7&#8243;]<\/p>\n<p><span><iframe loading=\"lazy\"  id=\"_ytid_74483\"  width=\"1080\" height=\"607\"  data-origwidth=\"1080\" data-origheight=\"607\" src=\"https:\/\/www.youtube.com\/embed\/mM4Zks5pU_s\">https:\/\/www.youtube.com\/watch?enablejsapi=1&autoplay=0&cc_load_policy=0&cc_lang_pref=&iv_load_policy=1&loop=0&modestbranding=0&rel=1&fs=1&playsinline=0&autohide=2&theme=dark&color=red&controls=1&\" class=\"__youtube_prefs__  no-lazyload\" title=\"YouTube player\"  allow=\"fullscreen; accelerometer; autoplay; clipboard-write; encrypted-media; gyroscope; picture-in-picture\" allowfullscreen data-no-lazy=\"1\" data-skipgform_ajax_framebjll=\"\"><\/iframe><\/span><\/p>\n<p>[\/et_pb_text][\/et_pb_column][et_pb_column type=&#8221;1_3&#8243; _builder_version=&#8221;4.4.7&#8243;][et_pb_text _builder_version=&#8221;4.4.7&#8243;]<\/p>\n<p><span><iframe loading=\"lazy\"  id=\"_ytid_72452\"  width=\"1080\" height=\"607\"  data-origwidth=\"1080\" data-origheight=\"607\" src=\"https:\/\/www.youtube.com\/embed\/RhPkmHiRLsw?enablejsapi=1&autoplay=0&cc_load_policy=0&cc_lang_pref=&iv_load_policy=1&loop=0&modestbranding=0&rel=1&fs=1&playsinline=0&autohide=2&theme=dark&color=red&controls=1&\" class=\"__youtube_prefs__  no-lazyload\" title=\"YouTube player\"  allow=\"fullscreen; accelerometer; autoplay; clipboard-write; encrypted-media; gyroscope; picture-in-picture\" allowfullscreen data-no-lazy=\"1\" data-skipgform_ajax_framebjll=\"\"><\/iframe><\/span><\/p>\n<p>[\/et_pb_text][\/et_pb_column][et_pb_column type=&#8221;1_3&#8243; _builder_version=&#8221;4.4.7&#8243;][et_pb_text _builder_version=&#8221;4.4.7&#8243;]<\/p>\n<p><span><iframe loading=\"lazy\"  id=\"_ytid_83319\"  width=\"1080\" height=\"607\"  data-origwidth=\"1080\" data-origheight=\"607\" src=\"https:\/\/www.youtube.com\/embed\/4Vk7O9ENxUU\">https:\/\/www.youtube.com\/watch?enablejsapi=1&autoplay=0&cc_load_policy=0&cc_lang_pref=&iv_load_policy=1&loop=0&modestbranding=0&rel=1&fs=1&playsinline=0&autohide=2&theme=dark&color=red&controls=1&\" class=\"__youtube_prefs__  no-lazyload\" title=\"YouTube player\"  allow=\"fullscreen; accelerometer; autoplay; clipboard-write; encrypted-media; gyroscope; picture-in-picture\" allowfullscreen data-no-lazy=\"1\" data-skipgform_ajax_framebjll=\"\"><\/iframe><\/span><\/p>\n<p>[\/et_pb_text][\/et_pb_column][\/et_pb_row][et_pb_row _builder_version=&#8221;4.4.7&#8243;][et_pb_column type=&#8221;4_4&#8243; _builder_version=&#8221;4.4.7&#8243;][et_pb_text _builder_version=&#8221;4.4.7&#8243; text_font_size=&#8221;18px&#8221;]<\/p>\n<h3><span>Conoce la experiencia de <\/span><b>25\u00a0<\/b><strong>Escoles FEDAC<\/strong><span>\u00a0de Catalunya en el Diploma:<\/span><\/h3>\n<p>[\/et_pb_text][\/et_pb_column][\/et_pb_row][et_pb_row _builder_version=&#8221;4.4.7&#8243;][et_pb_column type=&#8221;4_4&#8243; _builder_version=&#8221;4.4.7&#8243;][et_pb_text _builder_version=&#8221;4.4.7&#8243;]<\/p>\n<p><span><iframe loading=\"lazy\"  id=\"_ytid_38924\"  width=\"1080\" height=\"607\"  data-origwidth=\"1080\" data-origheight=\"607\" src=\"https:\/\/www.youtube.com\/embed\/uh1HJ540L9E?enablejsapi=1&autoplay=0&cc_load_policy=0&cc_lang_pref=&iv_load_policy=1&loop=0&modestbranding=0&rel=1&fs=1&playsinline=0&autohide=2&theme=dark&color=red&controls=1&\" class=\"__youtube_prefs__  no-lazyload\" title=\"YouTube player\"  allow=\"fullscreen; accelerometer; autoplay; clipboard-write; encrypted-media; gyroscope; picture-in-picture\" allowfullscreen data-no-lazy=\"1\" data-skipgform_ajax_framebjll=\"\"><\/iframe><\/span><\/p>\n<p>[\/et_pb_text][\/et_pb_column][\/et_pb_row][et_pb_row use_custom_gutter=&#8221;on&#8221; gutter_width=&#8221;4&#8243; _builder_version=&#8221;4.4.7&#8243; background_color=&#8221;#009de0&#8243; width=&#8221;100%&#8221; max_width=&#8221;2560px&#8221;][et_pb_column type=&#8221;4_4&#8243; _builder_version=&#8221;4.4.7&#8243;][et_pb_text _builder_version=&#8221;4.4.7&#8243; text_text_color=&#8221;#ffffff&#8221; text_font_size=&#8221;18px&#8221; hover_enabled=&#8221;0&#8243;]<\/p>\n<p style=\"text-align: center;\"><span style=\"color: #ffffff;\"><\/span><span style=\"color: #ffffff;\"><strong><a href=\"mailto:lit@mondragon.edu\" target=\"_blank\" rel=\"noopener\" style=\"color: #ffffff;\">lit@mondragon.edu<\/a><\/strong><\/span><br \/> +34 600 022 720<\/p>\n<p style=\"text-align: center;\"><img loading=\"lazy\" decoding=\"async\" src=\"https:\/\/nuevosroles.teamlabs.es\/wp-content\/uploads\/2023\/01\/logoslit-300x39.png\" width=\"300\" height=\"39\" alt=\"\" class=\"wp-image-368 aligncenter size-medium\" \/><\/p>\n<p>[\/et_pb_text][\/et_pb_column][\/et_pb_row][\/et_pb_section]<\/p>\n","protected":false},"excerpt":{"rendered":"<p>[et_pb_section fb_built=&#8221;1&#8243; disabled_on=&#8221;off|off|off&#8221; _builder_version=&#8221;4.4.7&#8243; custom_margin=&#8221;||0px||false|false&#8221; custom_padding=&#8221;||0px||false|false&#8221;][et_pb_row column_structure=&#8221;1_2,1_2&#8243; _builder_version=&#8221;4.4.7&#8243;][et_pb_column type=&#8221;1_2&#8243; _builder_version=&#8221;4.4.7&#8243;][et_pb_image src=&#8221;https:\/\/nuevosroles.teamlabs.es\/wp-content\/uploads\/2020\/05\/portada-web.jpg&#8221; title_text=&#8221;portada-web&#8221; _builder_version=&#8221;4.4.7&#8243;][\/et_pb_image][\/et_pb_column][et_pb_column type=&#8221;1_2&#8243; _builder_version=&#8221;4.4.7&#8243;][et_pb_text _builder_version=&#8221;4.4.7&#8243; text_font_size=&#8221;18px&#8221; text_line_height=&#8221;1.8em&#8221; header_line_height=&#8221;1.2em&#8221;] \u00bfQuieres adquirir las herramientas para liderar los cambios que se est\u00e1n demandando en los centros educativos? [\/et_pb_text][et_pb_text _builder_version=&#8221;4.4.7&#8243; text_font_size=&#8221;18px&#8221;] Rellena el formulario para descargarte el dossier de nuestro programa. [\/et_pb_text][et_pb_code _builder_version=&#8221;4.4.7&#8243;] [\/et_pb_code][\/et_pb_column][\/et_pb_row][et_pb_row _builder_version=&#8221;4.4.7&#8243;][et_pb_column type=&#8221;4_4&#8243; _builder_version=&#8221;4.4.7&#8243;][et_pb_text _builder_version=&#8221;4.4.7&#8243; [&hellip;]<\/p>\n","protected":false},"author":1,"featured_media":0,"parent":0,"menu_order":0,"comment_status":"closed","ping_status":"closed","template":"","meta":{"_et_pb_use_builder":"on","_et_pb_old_content":"","_et_gb_content_width":"","footnotes":""},"_links":{"self":[{"href":"https:\/\/nuevosroles.teamlabs.es\/index.php?rest_route=\/wp\/v2\/pages\/8"}],"collection":[{"href":"https:\/\/nuevosroles.teamlabs.es\/index.php?rest_route=\/wp\/v2\/pages"}],"about":[{"href":"https:\/\/nuevosroles.teamlabs.es\/index.php?rest_route=\/wp\/v2\/types\/page"}],"author":[{"embeddable":true,"href":"https:\/\/nuevosroles.teamlabs.es\/index.php?rest_route=\/wp\/v2\/users\/1"}],"replies":[{"embeddable":true,"href":"https:\/\/nuevosroles.teamlabs.es\/index.php?rest_route=%2Fwp%2Fv2%2Fcomments&post=8"}],"version-history":[{"count":107,"href":"https:\/\/nuevosroles.teamlabs.es\/index.php?rest_route=\/wp\/v2\/pages\/8\/revisions"}],"predecessor-version":[{"id":369,"href":"https:\/\/nuevosroles.teamlabs.es\/index.php?rest_route=\/wp\/v2\/pages\/8\/revisions\/369"}],"wp:attachment":[{"href":"https:\/\/nuevosroles.teamlabs.es\/index.php?rest_route=%2Fwp%2Fv2%2Fmedia&parent=8"}],"curies":[{"name":"wp","href":"https:\/\/api.w.org\/{rel}","templated":true}]}}